{"id":98,"date":"2023-08-04T19:28:10","date_gmt":"2023-08-04T17:28:10","guid":{"rendered":"https:\/\/www.gl-audit.com\/?page_id=98"},"modified":"2023-08-08T12:33:24","modified_gmt":"2023-08-08T10:33:24","slug":"contacto","status":"publish","type":"page","link":"https:\/\/www.gl-audit.com\/index.php\/contacto\/","title":{"rendered":"Contacto"},"content":{"rendered":"\n<div class=\"wp-block-columns is-layout-flex wp-container-core-columns-is-layout-9d6595d7 wp-block-columns-is-layout-flex\">\n<div class=\"wp-block-column is-vertically-aligned-center is-layout-flow wp-block-column-is-layout-flow\">\n<pre class=\"wp-block-preformatted has-nv-dark-bg-color has-text-color has-medium-font-size\"><strong>Global &amp; Local Audit SL<\/strong>\n\n<em>Direcci\u00f3n:<\/em> C. del Segre, 20\n<em>Localidad:<\/em> Madrid\n<em>CP:<\/em> 28002\n\n<em>Tel\u00e9fono:<\/em> 91 426 71 34\n\n<em>Email:<\/em> <a rel=\"noreferrer noopener\" href=\"mailto:info@gl-audit.com\" target=\"_blank\">info@gl-audit.com<\/a><\/pre>\n<\/div>\n\n\n\n<div class=\"wp-block-column is-vertically-aligned-center is-layout-flow wp-block-column-is-layout-flow\">\t\t<div id=\"wpmapblock_07cf7c86\" data-settings='{&quot;map_marker&quot;:[{&quot;lat&quot;:&quot;40.451290&quot;,&quot;lng&quot;:&quot;-3.684758&quot;,&quot;title&quot;:&quot;Global&amp;amp;Local Audit&quot;,&quot;content&quot;:&quot;Sede corporativa&quot;,&quot;iconType&quot;:&quot;default&quot;,&quot;customIconUrl&quot;:&quot;&quot;,&quot;customIconWidth&quot;:&quot;25&quot;,&quot;customIconHeight&quot;:&quot;40&quot;}],&quot;map_zoom&quot;:&quot;11&quot;,&quot;scroll_wheel_zoom&quot;:&quot;1&quot;,&quot;map_type&quot;:&quot;GM&quot;,&quot;center_index&quot;:0}' class=\"wpmapblockrender\" style=\"\n\t\t\twidth: 100%;\n\t\t\theight: 500px;\n\t\t\"><\/div>\n        <\/div>\n<\/div>\n\n\n\n<p class=\"has-text-align-center has-small-font-size\"><strong>Global &amp;<kbd> <\/kbd>Local Audit SL &#8211; Copyright 2023.<\/strong><br><a href=\"https:\/\/www.gl-audit.com\/index.php\/politica-privacidad\/\"><strong>Pol\u00edtica de privacidad.<\/strong><\/a><\/p>\n","protected":false},"excerpt":{"rendered":"<p>Global &amp; Local Audit SL Direcci\u00f3n: C. del Segre, 20 Localidad: Madrid CP: 28002 Tel\u00e9fono: 91 426 71 34 Email: info@gl-audit.com Global &amp; Local Audit SL &#8211; Copyright 2023.Pol\u00edtica de privacidad.<\/p>\n","protected":false},"author":1,"featured_media":0,"parent":0,"menu_order":0,"comment_status":"closed","ping_status":"closed","template":"","meta":{"neve_meta_sidebar":"right","neve_meta_container":"","neve_meta_enable_content_width":"","neve_meta_content_width":70,"neve_meta_title_alignment":"center","neve_meta_author_avatar":"","neve_post_elements_order":"","neve_meta_disable_header":"","neve_meta_disable_footer":"on","neve_meta_disable_title":"","footnotes":""},"class_list":["post-98","page","type-page","status-publish","hentry"],"_links":{"self":[{"href":"https:\/\/www.gl-audit.com\/index.php\/wp-json\/wp\/v2\/pages\/98","targetHints":{"allow":["GET"]}}],"collection":[{"href":"https:\/\/www.gl-audit.com\/index.php\/wp-json\/wp\/v2\/pages"}],"about":[{"href":"https:\/\/www.gl-audit.com\/index.php\/wp-json\/wp\/v2\/types\/page"}],"author":[{"embeddable":true,"href":"https:\/\/www.gl-audit.com\/index.php\/wp-json\/wp\/v2\/users\/1"}],"replies":[{"embeddable":true,"href":"https:\/\/www.gl-audit.com\/index.php\/wp-json\/wp\/v2\/comments?post=98"}],"version-history":[{"count":28,"href":"https:\/\/www.gl-audit.com\/index.php\/wp-json\/wp\/v2\/pages\/98\/revisions"}],"predecessor-version":[{"id":470,"href":"https:\/\/www.gl-audit.com\/index.php\/wp-json\/wp\/v2\/pages\/98\/revisions\/470"}],"wp:attachment":[{"href":"https:\/\/www.gl-audit.com\/index.php\/wp-json\/wp\/v2\/media?parent=98"}],"curies":[{"name":"wp","href":"https:\/\/api.w.org\/{rel}","templated":true}]}}